 o and 27.
9
Let n(a) = 29*a**2 + 8*a - 12. Let z be n(-3). What is the greatest common factor of z and 279?
9
Let y(k) = -59 + 87*k - 41 - 40 - 56 + 288. Let t be y(2). What is the highest common factor of t and 14?
14
Suppose 0 = -3*p - 441 + 150. Let s = 187 + p. Let q be (-84994)/(-1401) - 6/9. Calculate the highest common divisor of q and s.
30
Let j = 106 - 103. Suppose j = -c + 241. What is the greatest common factor of 42 and c?
14
Let k = 3466 + -3331. What is the highest common divisor of 5 and k?
5
Suppose 0 = 2*v + 3*a - 14, -3*v = v - 5*a - 6. Let c be v - (827 + -2)/(-3). What is the highest common factor of 93 and c?
93
Let b be -1 + 3 - -1576 - (-153 + 158). Calculate the highest common factor of b and 1089.
121
Let b(v) = -2*v**2 + 21*v + 6. Let y be b(9). What is the greatest common divisor of y and 87?
3
Let q(c) = 3*c**2 + 15*c - 7. Let w = 31 - 39. Let d be q(w). Let p = -34 - -47. What is the highest common divisor of p and d?
13
Let n(f) be the third derivative of -f**6/120 - 2*f**5/15 + f**4/4 - 10*f**2 - 2. Let i be n(-9). What is the greatest common divisor of 27 and i?
27
Let r = 184 - 179. Suppose -f + 75 = r*c - 452, 5*f = 10. Calculate the highest common divisor of 35 and c.
35
Let d be (-1 - -1)/(9/27*-15). Let c be ((-846 + d)*(-46 + 45))/2. Calculate the greatest common factor of c and 18.
9
Let g = 140262 - 139920. Let d(z) = -z**3 + 2*z**2 + 2*z - 1. Let j be d(-3). Calculate the highest common factor of j and g.
38
Suppose -3*b = x - 2774, 0*b - 11128 = -4*x + 4*b. Calculate the greatest common factor of x and 20.
20
Suppose 41 = 8*a - 34 - 157. Calculate the highest common divisor of a and 4379.
29
Let y(p) = 43 - 44 - 3*p - 3*p + 5*p**2. Let u = -155 + 150. Let k be y(u). What is the greatest common divisor of k and 22?
22
Suppose 7*x + 57 = 10*x - 63. What is the greatest common factor of 4660 and x?
20
Let l = 2 - 5. Let s be (-357)/l - (1 - 1). Let j = 307650 + -307633. What is the highest common factor of j and s?
17
Let m = 67 + -65. Suppose -m*a + 2*d = 42, 4*a - 7 = 3*d - 90. Let t be -1 + (-4)/(-5) + (-344)/a. Calculate the highest common divisor of 34 and t.
17
Let i(z) = -2*z. Let k be i(0). Suppose 2 = -k*p + p. Calculate the highest common factor of 5 and p.
1
Let x(l) = 3*l**2 - 46*l + 391. Let b be x(7). What is the greatest common divisor of b and 657?
9
Let r(p) = 187*p - 1442. Let w be r(8). What is the highest common factor of w and 621?
27
Let t = -960 + 1052. Suppose 3*y - 1032 = -66. What is the highest common factor of y and t?
46
Suppose -3*i - 3*j = -24, -i + 4*j + 10 - 27 = 0. Suppose 2*u + 71 = i*p + u, 3*p = -u + 79. What is the highest common divisor of 400 and p?
25
Suppose 2*m - 2*u - 666 = 576, -2*m + 3*u = -1237. Suppose -6*s = -3*s + 4*j - m, 20 = -5*j. What is the greatest common factor of s and 2?
2
Let v = 4019 + -2211. What is the greatest common factor of v and 16?
16
Let c = -164 + 98. Let x be (-414)/4 - (-364)/(-56). Let y = c - x. Calculate the highest common factor of y and 33.
11
Suppose 5276*f = 5253*f + 94668. What is the highest common factor of f and 98?
98
Suppose -a + 7*z = 4*z + 4, 0 = -a + 2*z - 2. Suppose m + 17 = a*m. Calculate the greatest common factor of 187 and m.
17
Suppose -4*x + 14 = -d + 71, -354 = -5*d - 3*x. Calculate the highest common factor of 9 and d.
3
Let n(b) = -b**3 - 5*b**2 + 5*b + 9. Let f be n(-6). Suppose 55 + f = -5*u. Let y = 19 + u. Calculate the highest common factor of 45 and y.
5
Let t(b) be the first derivative of 2*b**3/3 + 5*b**2 - 43*b + 51. Let d be t(-10). What is the highest common divisor of d and 76?
19
Let l be (7/2 + -1)*96/60. Suppose v = l*v. Suppose v = 5*d + n - 60 + 10, 3*n = -4*d + 40. Calculate the greatest common factor of d and 15.
5
Let k = -1397 + 760. Let m be (-4058)/(-4) + (-1)/(-2). Let u = m + k. What is the highest common divisor of u and 42?
42
Let x = -2727 + 2791. Calculate the highest common divisor of 1616 and x.
16
Suppose 4*f - 284 = -4*w, -123*f - 3*w = -124*f + 59. What is the highest common factor of f and 19380?
68
Let z = -8168 - -8198. Calculate the highest common factor of z and 4110.
30
Let p be ((-660)/(-550))/((-4)/930*-3). Let c = p - 24. Calculate the highest common factor of 115 and c.
23
Let z be (-2)/(1/(-90) + 0). Suppose -2*s + 860 = 850. Suppose -2*x = c - 5*x - 30, -3*c + 90 = -s*x. Calculate the highest common factor of c and z.
30
Let g(o) = o**3 - 18*o**2 - 79*o + 1430. Let k be g(18). Calculate the greatest common divisor of k and 21368.
8
Let k be (-2 + (-56)/(-6))*459. Suppose 3*i = 4*f - 13 - 46, 3*f = 3*i + 48. Suppose -f*u + k = 7*u. Calculate the highest common factor of u and 17.
17
Suppose -3*b + 295 = -4*x + 5667, -18*x + 24108 = 3*b. Calculate the highest common divisor of 460 and x.
20
Let r be 20/(3 + 465/(-180)). Calculate the highest common divisor of 6228 and r.
12
Let z = -51446 + 75733. What is the highest common factor of 163 and z?
163
Let h(c) = -263*c - 11443. Let o be h(-44). Calculate the highest common factor of o and 5246.
43
Suppose 0*w = -3*w + r + 2629, 1746 = 2*w + r. What is the highest common factor of 35 and w?
35
Let a be (-6 + -3)*(-8)/9. Suppose 120 = -a*b + 568. Suppose 5*j - 33 = 47. What is the greatest common factor of j and b?
8
Let q(m) be the first derivative of -2*m + 5/2*m**2 + 11. Let j be q(7). What is the greatest common factor of j and 3?
3
Let f(l) = 2*l**2 - 34*l + 32. Let k be f(16). Suppose -3*y - 112 + 424 = k. Calculate the greatest common factor of 117 and y.
13
Let d(y) = -136*y - 5788. Let a be d(-72). Calculate the highest common factor of 14 and a.
14
Suppose -185 = -5*x + 2*s + s, 0 = -x - 3*s + 19. Let m = -72 + 684. Suppose -m = 4*p - 13*p. What is the highest common divisor of x and p?
34
Let n(d) = -4*d**3 + 6. Let b be n(-3). Let w = b + -9. Suppose -w = -j + 4*k, 5*k = 5*j - 0*k - 525. What is the greatest common factor of 21 and j?
21
Let u be 2/(-7) + (0 - 237/(-21)). Let c = u - 12. Let j be (0 - c)*(30 - 23). Calculate the highest common divisor of 7 and j.
7
Let x be 228/30 + (-15)/25. Let w = 709 - 632. What is the highest common factor of x and w?
7
Suppose 12*v + 210 = -8*v + 17290. Calculate the highest common divisor of 140 and v.
14
Let t(l) = 2*l**2 - 8*l + 6. Let k(y) = y**3 + 6*y**2 + 5. Let u be k(-6). Let s be t(u). Let c = -8861 + 8863. Calculate the greatest common factor of c and s.
2
Let r(m) = 660*m**2 + 4*m + 4. Let j be r(-1). Suppose -s - 9*s + j = 0. What is the highest common factor of 88 and s?
22
Let t = 21 - -32. Suppose 4*p - 54 = 5*z - 9, -5*p - 4*z + 5 = 0. Let o be 1/(5/2382) - (-3)/p. What is the highest common divisor of o and t?
53
Let j = 133 - 114. Suppose j*v - 1536 = 3*v. What is the greatest common divisor of v and 624?
48
Suppose 2*c - 336 = -c. Let b = -478 + 596. Let k = b - -162. Calculate the greatest common divisor of c and k.
56
Let w be (-4 - 7/(-2))*0. Suppose 5*r - 40 - 10 = -4*m, w = 5*r - 10. What is the greatest common factor of m and 15?
5
Suppose 0 = 11*p - 630 - 272. What is the highest common factor of p and 5740?
82
Let h be -72*(-10 - (-55)/(-4)). What is the greatest common divisor of h and 30?
30
Let l = -193 + 197. Suppose l*d - 7 - 113 = 0. Let n be (-8)/6*(-180)/24. What is the greatest common divisor of d and n?
10
Let h(n) = 9936*n**3 - n**2 + n - 6. Let m be h(-2). Let k be (-2)/22 - m/275. What is the highest common divisor of k and 17?
17
Suppose 19 - 111 = -46*s. Let o be 6/(-4)*(-4)/s. What is the greatest common divisor of o and 93?
3
Suppose 0 = 3*f - 535 - 1892. Suppose 0 = -7*n + f + 262. Calculate the highest common factor of n and 204.
51
Let q be (-10)/(-2 - (2 + -2)). Suppose 4*p + g = 7, 0 = -0*p - 3*p - g + q. Suppose 32 = z - p. What is the greatest common divisor of z and 272?
34
Let g be (-49923)/(-36) - 1*3/(-12). Calculate the greatest common factor of 146 and g.
73
Suppose 2*j - 4*s - 682 = 0, 10*s + 6 = 7*s. Let u = j + -333. What is the highest common divisor of 496 and u?
4
Suppose -78*l = -68*l - 37800. What is the highest common divisor of 18 and l?
18
Let r(n) = n**2 - 11*n + 13. Let u = 68 - 58. Let q be r(u). Suppose q*b + 12 = 84. Calculate the highest common factor of 6 and b.
6
Suppose -2*m + 2*a + 160